{"id":109,"date":"2022-08-26T11:35:51","date_gmt":"2022-08-26T11:35:51","guid":{"rendered":"https:\/\/www.ravintoarto.fi\/home\/?page_id=109"},"modified":"2024-03-14T17:41:01","modified_gmt":"2024-03-14T17:41:01","slug":"hinnasto","status":"publish","type":"page","link":"https:\/\/www.ravintoarto.fi\/home\/?page_id=109","title":{"rendered":"Hinnasto"},"content":{"rendered":"\n<p>Hinnat sovitaan aina tapauskohtaisesti. <br>Valmennukseen kuuluu aina aloitustapaaminen (l\u00e4hi tai et\u00e4 n. 45 min.) vinkit ja ohjeet ja sovittu m\u00e4\u00e4r\u00e4 seurantayhteydenottoja<\/p>\n\n\n\n<p><br><strong>Esimerkki hinnasto:<\/strong><\/p>\n\n\n\n<p><strong>Simppeli aloitus: 45\u20ac<\/strong><br>Ruokap\u00e4iv\u00e4kirja analyysi, aloitus keskustelu 45 min. parhaat vinkit tavoitteiden saavuttamiseen.<\/p>\n\n\n\n<p><strong>Tehokas aloitus: 90\u20ac<\/strong><br>Ruokap\u00e4iv\u00e4kirja analyysi, aloitus keskustelu 45 min. 3 viikon ruokalista ja ohje kuinka ruokailua toteutetaan tavoitteiden saavuttamiseksi. 2 tsekkausaikaa \u00e1 30min<\/p>\n","protected":false},"excerpt":{"rendered":"<p>Hinnat sovitaan aina tapauskohtaisesti. Valmennukseen kuuluu aina aloitustapaaminen (l\u00e4hi tai et\u00e4 n. 45 min.) vinkit ja ohjeet ja sovittu m\u00e4\u00e4r\u00e4 seurantayhteydenottoja Esimerkki hinnasto: Simppeli aloitus: 45\u20acRuokap\u00e4iv\u00e4kirja analyysi, aloitus keskustelu 45 min. parhaat vinkit tavoitteiden saavuttamiseen. Tehokas aloitus: 90\u20acRuokap\u00e4iv\u00e4kirja analyysi, aloitus keskustelu 45<\/p>\n<p class=\"link-more\"><a class=\"myButt \" href=\"https:\/\/www.ravintoarto.fi\/home\/?page_id=109\">Read More<\/a><\/p>\n","protected":false},"author":1,"featured_media":0,"parent":0,"menu_order":0,"comment_status":"closed","ping_status":"closed","template":"","meta":{"footnotes":""},"class_list":["post-109","page","type-page","status-publish","hentry"],"_links":{"self":[{"href":"https:\/\/www.ravintoarto.fi\/home\/index.php?rest_route=\/wp\/v2\/pages\/109","targetHints":{"allow":["GET"]}}],"collection":[{"href":"https:\/\/www.ravintoarto.fi\/home\/index.php?rest_route=\/wp\/v2\/pages"}],"about":[{"href":"https:\/\/www.ravintoarto.fi\/home\/index.php?rest_route=\/wp\/v2\/types\/page"}],"author":[{"embeddable":true,"href":"https:\/\/www.ravintoarto.fi\/home\/index.php?rest_route=\/wp\/v2\/users\/1"}],"replies":[{"embeddable":true,"href":"https:\/\/www.ravintoarto.fi\/home\/index.php?rest_route=%2Fwp%2Fv2%2Fcomments&post=109"}],"version-history":[{"count":4,"href":"https:\/\/www.ravintoarto.fi\/home\/index.php?rest_route=\/wp\/v2\/pages\/109\/revisions"}],"predecessor-version":[{"id":183,"href":"https:\/\/www.ravintoarto.fi\/home\/index.php?rest_route=\/wp\/v2\/pages\/109\/revisions\/183"}],"wp:attachment":[{"href":"https:\/\/www.ravintoarto.fi\/home\/index.php?rest_route=%2Fwp%2Fv2%2Fmedia&parent=109"}],"curies":[{"name":"wp","href":"https:\/\/api.w.org\/{rel}","templated":true}]}}